 digit of 220391755?
2
What is the tens digit of 1202314150?
5
What is the millions digit of 135787732?
5
What is the millions digit of 158489575?
8
What is the ten thousands digit of 18301117?
0
What is the ten millions digit of 54565528?
5
What is the thousands digit of 1392569160?
9
What is the ten thousands digit of 109213882?
1
What is the ten thousands digit of 67754520?
5
What is the ten millions digit of 2702337772?
0
What is the hundred thousands digit of 1780907426?
9
What is the hundreds digit of 2624125406?
4
What is the hundreds digit of 646274691?
6
What is the ten millions digit of 119098621?
1
What is the thousands digit of 197984881?
4
What is the hundred millions digit of 240821868?
2
What is the tens digit of 551598506?
0
What is the hundreds digit of 5255270023?
0
What is the thousands digit of 81193010?
3
What is the hundred millions digit of 426552697?
4
What is the tens digit of 68693497?
9
What is the millions digit of 385340532?
5
What is the ten thousands digit of 637600039?
0
What is the thousands digit of 92318274?
8
What is the thousands digit of 1009122937?
2
What is the units digit of 249221328?
8
What is the thousands digit of 87495897?
5
What is the hundred millions digit of 402257734?
4
What is the tens digit of 1411643788?
8
What is the hundreds digit of 52179059?
0
What is the ten millions digit of 98340948?
9
What is the hundred millions digit of 546262998?
5
What is the ten thousands digit of 78717932?
1
What is the hundreds digit of 39422789?
7
What is the hundred thousands digit of 1674352?
6
What is the ten millions digit of 190213255?
9
What is the units digit of 64628131?
1
What is the hundreds digit of 233440310?
3
What is the thousands digit of 2043194227?
4
What is the units digit of 1497776277?
7
What is the ten millions digit of 40187547?
4
What is the tens digit of 758698964?
6
What is the ten millions digit of 3325071792?
2
What is the millions digit of 107742252?
7
What is the units digit of 1039070386?
6
What is the hundreds digit of 3348946?
9
What is the units digit of 94375090?
0
What is the ten thousands digit of 2348608337?
0
What is the millions digit of 316888796?
6
What is the ten millions digit of 41200850?
4
What is the hundreds digit of 23901516?
5
What is the ten millions digit of 38208743?
3
What is the ten millions digit of 40327493?
4
What is the ten millions digit of 838337081?
3
What is the hundred thousands digit of 7109012?
1
What is the hundreds digit of 182762745?
7
What is the hundred millions digit of 177170722?
1
What is the hundred thousands digit of 26866515?
8
What is the ten millions digit of 631165077?
3
What is the hundreds digit of 825886351?
3
What is the millions digit of 2485923962?
5
What is the ten millions digit of 130281467?
3
What is the ten millions digit of 523141129?
2
What is the hundreds digit of 66395998?
9
What is the hundreds digit of 360458088?
0
What is the thousands digit of 4437763523?
3
What is the tens digit of 2971093208?
0
What is the billions digit of 1705344475?
1
What is the hundred thousands digit of 41501950?
5
What is the hundred millions digit of 1062825601?
0
What is the ten millions digit of 2859341353?
5
What is the tens digit of 60920535?
3
What is the ten thousands digit of 2607968521?
6
What is the hundred thousands digit of 13564127?
5
What is the hundreds digit of 41856754?
7
What is the hundreds digit of 159282953?
9
What is the ten millions digit of 33767962?
3
What is the hundreds digit of 38058924?
9
What is the hundreds digit of 317223209?
2
What is the hundreds digit of 817376384?
3
What is the hundreds digit of 412204727?
7
What is the ten thousands digit of 89816537?
1
What is the hundred millions digit of 215826712?
2
What is the hundred thousands digit of 157210269?
2
What is the ten thousands digit of 1331831048?
3
What is the thousands digit of 287125803?
5
What is the millions digit of 2456776059?
6
What is the hundred thousands digit of 2602158553?
1
What is the millions digit of 251718087?
1
What is the hundreds digit of 424003433?
4
What is the ten millions digit of 120714287?
2
What is the units digit of 346276221?
1
What is the ten thousands digit of 101523573?
2
What is the hundred millions digit of 3025447470?
0
What is the ten thousands digit of 436153381?
5
What is the tens digit of 9081982?
8
What is the hundreds digit of 80465378?
3
What is the hundred millions digit of 3921225296?
9
What is the hundred millions digit of 363009142?
3
What is the thousands digit of 755145904?
5
What is the units digit of 23061182?
2
What is the millions digit of 6133785713?
3
What is the millions digit of 2528507955?
8
What is the hundred thousands digit of 58311701?
3
What is the units digit of 3684717148?
8
What is the tens digit of 57276957?
5
What is the hundred thousands digit of 4859932506?
9
What is the ten thousands digit of 442776931?
7
What is the tens digit of 28226460?
6
What is the ten thousands digit of 386898266?
9
What is the thousands digit of 55414794?
4
What is the hundred thousands digit of 817879095?
8
What is the units digit of 4023436054?
4
What is the hundreds digit of 126370671?
6
What is the tens digit of 1225491787?
8
What is the thousands digit of 684983240?
3
What is the thousands digit of 49532652?
2
What is the hundred thousands digit of 67943884?
9
What is the hundreds digit of 46875868?
8
What is the ten millions digit of 89823481?
8
What is the millions digit of 714604309?
4
What is the units digit of 8204273588?
8
What is the hundred thousands digit of 39411977?
4
What is the hundreds digit of 40596515?
5
What is the millions digit of 549637769?
9
What is the thousands digit of 3501063157?
3
What is the tens digit of 7750575?
7
What is the units digit of 37237877?
7
What is the hundred thousands digit of 689277134?
2
What is the hundreds digit of 76280290?
2
What is the tens digit of 45370568?
6
What is the hundreds digit of 131870598?
5
What is the tens digit of 42869801?
0
What is the ten millions digit of 64713156?
6
What is the ten thousands digit of 777843709?
4
What is the hundred thousands digit of 3110631569?
6
What is the tens digit of 3751935651?
5
What is the hundred thousands digit of 65566930?
5
What is the thousands digit of 1475038754?
8
What is the millions digit of 504673312?
4
What is the hundred thousands digit of 3896921217?
9
What is the hundred thousands digit of 54403902?
4
What is the hundreds digit of 2356923713?
7
What is the ten thousands digit of 80239648?
3
What is the hundreds digit of 46419077?
0
What is the hundred thousands digit of 144575518?
5
What is the hundred thousands digit of 698609793?
6
What is the hundreds digit of 70469508?
5
What is the ten millions digit of 855881869?
5
What is the hundred thousands digit of 3256307271?
3
What is the units digit of 131499363?
3
What is the tens digit of 990732240?
4
What is the hundred thousands digit of 94360539?
3
What is the hundred millions digit of 301963299?
3
What is the hundreds digit of 20261198?
1
What is the ten millions digit of 232601130?
3
What is the tens digit of 52370204?
0
What is the millions digit of 37162680?
7
What is the ten thousands digit of 316371961?
7
What is the tens digit of 41388687?
8
What is the millions digit of 2273376176?
3
What is the units digit of 107651744?
4
What is the ten millions digit of 19872131?
1
What is the ten thousands digit of 33978766?
7
What is the hundred thousands digit of 159553660?
5
What is the millions digit of 143227341?
3
What is the hundred millions digit of 127117371?
1
What is the millions digit of 203505333?
3
What is the hundred millions digit of 476326559?
4
What is the hundreds digit of 4435949684?
6
What is the units digit of 1027528976?
6
What is the tens digit of 6363396453?
5
What is the millions digit of 224789702?
4
What is the billions digit of 5828697820?
5
What is the hundred millions digit of 717330841?
7
What is the units digit of 21438093?
3
What is the hundred millions digit of 258885663?
2
What is the units digit of 196276657?
7
What is the ten thousands digit of 140592258?
9
What is the millions digit of 579127880?
9
What is the hundreds digit of 211292112?
1
What is the hundred thousands digit of 18975511?
9
What is